{"id":3,"date":"2024-09-26T23:51:27","date_gmt":"2024-09-26T21:51:27","guid":{"rendered":"http:\/\/nicol-development.pl\/?page_id=3"},"modified":"2024-11-16T22:29:47","modified_gmt":"2024-11-16T21:29:47","slug":"polityka-prywatnosci","status":"publish","type":"page","link":"https:\/\/nicol-development.pl\/?page_id=3","title":{"rendered":"Polityka prywatno\u015bci"},"content":{"rendered":"\n<h2 class=\"wp-block-heading\">Kim jeste\u015bmy<\/h2>\n\n\n\n<p>Adres naszej strony internetowej to: https:\/\/nicol-development.pl.<\/p>\n\n\n\n<p class=\"has-text-align-center\">obowi\u0105zuje od dnia \u00a001.10.2024\u00a0 r.<\/p>\n\n\n\n<p>Drogi U\u017cytkowniku i Us\u0142ugobiorco,<\/p>\n\n\n\n<p>Dok\u0142adamy wszelkich stara\u0144, aby zapewni\u0107 bezpiecze\u0144stwo i poufno\u015b\u0107 Twoich danych osobowych. Dbamy<br>o Twoj\u0105 prywatno\u015b\u0107 zar\u00f3wno wtedy, gdy odwiedzasz nasz serwis internetowy lub korzystasz z naszych us\u0142ug. Dzia\u0142amy zgodnie z Rozporz\u0105dzeniem Parlamentu Europejskiego i Rady (UE) 2016\/679 z 27 kwietnia 2016 r. w sprawie ochrony os\u00f3b fizycznych w zwi\u0105zku z przetwarzaniem danych osobowych i w sprawie swobodnego przep\u0142ywu takich danych oraz uchylenia dyrektywy 95\/46\/WE (zwanym \u201eRODO\u201d).<\/p>\n\n\n\n<p>Poni\u017cej przedstawiamy najistotniejsze informacje na temat przetwarzania Twoich danych osobowych. Dla uproszczenia zestawili\u015bmy je w formie pyta\u0144 i odpowiedzi, aby\u015b dowiedzia\u0142 si\u0119, w jakim celu, na jakiej podstawie i jak d\u0142ugo przetwarzamy Twoje dane, a tak\u017ce kto mo\u017ce mie\u0107 do nich dost\u0119p oraz jakie przys\u0142uguj\u0105 Ci prawa.<\/p>\n\n\n\n<h2 class=\"wp-block-heading has-large-font-size\">Jak pozyskujemy Twoje dane osobowe?<\/h2>\n\n\n\n<p>Korzystaj\u0105c z naszej strony internetowej mo\u017cesz by\u0107 poproszony o przekazanie swoich danych osobowych. Podanie danych jest dobrowolne, ale w pewnych sytuacjach mo\u017ce okaza\u0107 si\u0119 niezb\u0119dne. Przyk\u0142adowo, bez podania swojego imienia i nazwiska, nie b\u0119dziesz m\u00f3g\u0142 skorzysta\u0107 z us\u0142ug, kt\u00f3re \u015bwiadczymy.<\/p>\n\n\n\n<p>Niekt\u00f3re dane zbierane s\u0105 automatycznie za&nbsp;pomoc\u0105 plik\u00f3w <em>cookies<\/em> podczas Twojej wizyty na stronie (np.&nbsp;adres IP, typ przegl\u0105darki itp.). S\u0142u\u017c\u0105 one administrowaniu stron\u0105 www, zapewnieniu obs\u0142ugi hostingowej oraz tworzeniu odpowiednich tre\u015bci marketingowych. Mo\u017cesz jednak dowolnie blokowa\u0107 i ogranicza\u0107 instalowanie plik\u00f3w <em>cookies <\/em>za pomoc\u0105 ustawie\u0144 swojej przegl\u0105darki lub przy pomocy innych (darmowych) rozwi\u0105za\u0144.<\/p>\n\n\n\n<h2 class=\"wp-block-heading has-large-font-size\">Kto jest Administratorem Twoich danych osobowych?<\/h2>\n\n\n\n<p>Administratorem Twoich danych osobowych jest <strong>[NICOL S.C. MAREK \u0141UBIAN EWA \u0141UBIAN ul. Pi\u0119kna 5 \/ 24 15-282 Bia\u0142ystok]<\/strong><\/p>\n\n\n\n<p>W razie pyta\u0144 i w\u0105tpliwo\u015bci mo\u017cesz skontaktowa\u0107 si\u0119 z nami drog\u0105 elektroniczn\u0105 pod nast\u0119puj\u0105cym adresem e-mail: <strong>[rodo@nicol-development.pl]<\/strong><\/p>\n\n\n\n<p><\/p>\n\n\n\n<h2 class=\"wp-block-heading has-large-font-size\">W jakim celu, na jakiej podstawie prawnej i jak d\u0142ugo przetwarzamy twoje dane?<\/h2>\n\n\n\n<p>Przetwarzamy Twoje dane osobowe w celu:<\/p>\n\n\n\n<ol class=\"wp-block-list\">\n<li>zawarcia i wykonania umowy o \u015bwiadczenie us\u0142ug (sk\u0142adanie zam\u00f3wie\u0144 na us\u0142ugi odp\u0142atne, realizacja umowy):<\/li>\n<\/ol>\n\n\n\n<ul class=\"wp-block-list\">\n<li>podstaw\u0105 prawn\u0105 jest niezb\u0119dno\u015b\u0107 przetwarzania do wykonania umowy lub podj\u0119cia dzia\u0142a\u0144 na \u017c\u0105danie osoby, kt\u00f3rej dane dotycz\u0105, przed zawarciem umowy (art. 6 ust. 1 lit. b RODO),<\/li>\n\n\n\n<li>dane przetwarzane b\u0119d\u0105 do czasu zako\u0144czenia \u015bwiadczenia us\u0142ugi (rozwi\u0105zanie umowy o \u015bwiadczenie us\u0142ug);<\/li>\n\n\n\n<li>wype\u0142nienia obowi\u0105zk\u00f3w podatkowych (wystawianie faktur, przechowywanie dokumentacji ksi\u0119gowej):<\/li>\n\n\n\n<li>podstaw\u0105 prawn\u0105 jest ci\u0105\u017c\u0105cy na nas obowi\u0105zek prawny (art. 6 ust. 1 lit. c RODO),<\/li>\n\n\n\n<li>dane przetwarzane b\u0119d\u0105 do czasu up\u0142ywu termin\u00f3w przedawnienia zobowi\u0105za\u0144 podatkowych;<\/li>\n\n\n\n<li>wype\u0142nienia obowi\u0105zk\u00f3w w zakresie ochrony danych osobowych:<\/li>\n\n\n\n<li>podstaw\u0105 prawn\u0105 jest ci\u0105\u017c\u0105cy na nas obowi\u0105zek prawny (art. 6 ust. 1 lit. c RODO),<\/li>\n\n\n\n<li>dane przetwarzane b\u0119d\u0105 do czasu up\u0142ywu termin\u00f3w przedawnienia roszcze\u0144 z\u00a0tytu\u0142u naruszenia przepis\u00f3w o\u00a0ochronie danych osobowych;<\/li>\n\n\n\n<li>ustalenia, dochodzenia i obrony ewentualnych roszcze\u0144:<\/li>\n\n\n\n<li>podstaw\u0105 prawn\u0105 jest nasz uzasadniony prawnie interes (art. 6 ust. 1 lit. f RODO), kt\u00f3ry mamy w tym, aby podj\u0105\u0107 dzia\u0142ania maj\u0105ce na celu ochron\u0119 naszych praw w post\u0119powaniu przed s\u0105dami i innymi organami pa\u0144stwowymi,<\/li>\n\n\n\n<li>dane przetwarzane b\u0119d\u0105 do czasu up\u0142ywu termin\u00f3w przedawnienia roszcze\u0144 wynikaj\u0105cych<br>z obowi\u0105zuj\u0105cych przepis\u00f3w prawa;<\/li>\n\n\n\n<li>udzielania Ci odpowiedzi na pytania skierowane do nas telefoniczne lub drog\u0105 elektroniczn\u0105:<\/li>\n\n\n\n<li>podstaw\u0105 prawn\u0105 jest nasz uzasadniony prawnie interes (art. 6 ust. 1 lit. f RODO), kt\u00f3ry mamy<br>w tym, aby komunikowa\u0107 si\u0119 z naszymi klientami i odpowiada\u0107 na pytania naszych potencjalnych klient\u00f3w lub innych os\u00f3b zainteresowanych naszymi produktami i us\u0142ugami,<\/li>\n\n\n\n<li>dane przetwarzane b\u0119d\u0105 do czasu up\u0142ywu termin\u00f3w przedawnienia roszcze\u0144 wynikaj\u0105cych<br>z obowi\u0105zuj\u0105cych przepis\u00f3w prawa;<\/li>\n\n\n\n<li>marketingowym (promocja naszych towar\u00f3w i us\u0142ug), tylko po udzieleniu przez Ciebie zgody na przetwarzanie danych osobowych w celach marketingowych:<\/li>\n\n\n\n<li>podstaw\u0105 prawn\u0105 jest Twoja zgoda oraz nasz uzasadniony prawnie interes (art. 6 ust. 1 lit. f RODO), kt\u00f3ry mamy w tym, utrzymywa\u0107 z relacje biznesowe z klientami oraz bada\u0107 ich satysfakcj\u0119, dba\u0107 o w\u0142asne interesy i wizerunek lub odpowiednio dobrowolna zgoda osoby, kt\u00f3ra j\u0105 wyrazi\u0142a w okre\u015blonym celu (art. 6 ust. 1 lit. a RODO),<\/li>\n\n\n\n<li>dane przetwarzane b\u0119d\u0105 do czasu do czasu skutecznego wniesienia sprzeciwu lub osi\u0105gni\u0119cia celu przetwarzania a w przypadku gdy podstaw\u0105 przetwarzania jest zgoda &#8211; do\u00a0czasu cofni\u0119cia zgody (przy czym wycofanie zgody nie wp\u0142ywa na legalno\u015b\u0107 przetwarzania danych przez jej wycofaniem).<\/li>\n<\/ul>\n\n\n\n<h2 class=\"wp-block-heading has-large-font-size\"><strong>PAMI\u0118TAJ!<\/strong><\/h2>\n\n\n\n<p>Dane osobowe przetwarzamy tak d\u0142ugo, jak jest to konieczne, aby osi\u0105gn\u0105\u0107 wskazane powy\u017cej cele, chyba<br>\u017ce z\u0142o\u017cysz wa\u017cny i prawid\u0142owy wniosek o usuni\u0119cie Twoich danych osobowych. Ponadto, okres przetwarzania mo\u017ce by\u0107 uzale\u017cniony od tre\u015bci obowi\u0105zuj\u0105cych nas przepis\u00f3w prawa, np. w przypadku przechowywania dokument\u00f3w finansowych czy termin\u00f3w dochodzenia roszcze\u0144.<\/p>\n\n\n\n<p>Kto mo\u017ce by\u0107 odbiorc\u0105 twoich danych osobowych?<\/p>\n\n\n\n<p>W niekt\u00f3rych sytuacjach, je\u015bli oka\u017ce si\u0119 to niezb\u0119dne do realizacji cel\u00f3w przetwarzania danych, korzystamy ze wsparcia i pomocy podmiot\u00f3w zewn\u0119trznych. Ka\u017cdorazowo jednak, przed przekazaniem danych osobowych, wymagamy od ich odbiorc\u00f3w zagwarantowania odpowiedniej ich ochrony i poufno\u015bci.<\/p>\n\n\n\n<p>Odbiorcami Twoich danych osobowych mog\u0105 by\u0107:<\/p>\n\n\n\n<ol class=\"wp-block-list\">\n<li>podmioty wsp\u00f3\u0142uczestnicz\u0105ce w wykonaniu przez nas um\u00f3w, np.: biuro rachunkowe, dostawcy us\u0142ug informatycznych, dostawcy us\u0142ug hostingowych, dostawcy system\u00f3w p\u0142atno\u015bci,<\/li>\n\n\n\n<li>uprawnione organy pa\u0144stwowe na mocy obowi\u0105zuj\u0105cych przepis\u00f3w prawa,<\/li>\n\n\n\n<li>inne podmioty, kt\u00f3rych \u017c\u0105danie w zakresie przekazania danych znajdzie uzasadnienie w obowi\u0105zuj\u0105cych przepisach prawa.<\/li>\n<\/ol>\n\n\n\n<p>Korzystamy r\u00f3wnie\u017c z us\u0142ug zewn\u0119trznych dostawc\u00f3w \u015bwiadcz\u0105cych nast\u0119puj\u0105ce us\u0142ugi:<\/p>\n\n\n\n<ol style=\"list-style-type:lower-alpha\" class=\"wp-block-list\">\n<li>Facebook Ireland Ltd.(Facebook) \u2013 w celu dotarcia do naszych odbiorc\u00f3w, a tak\u017ce prowadzenia dzia\u0142a\u0144 marketingowych i sprzeda\u017cowych w mediach spo\u0142eczno\u015bciowych, w tym tworzenia grup docelowych i kampanii remarketingowych.<\/li>\n\n\n\n<li>Dowiedz si\u0119 wi\u0119cej o tym, jak Facebook przetwarza dane osobowe: https:\/\/www.facebook.com\/policy.php<\/li>\n<\/ol>\n\n\n\n<p>Facebook mo\u017ce przekazywa\u0107 Twoje dane do USA. Wi\u0119cej informacji znajdziesz tutaj:<\/p>\n\n\n\n<ul class=\"wp-block-list\">\n<li>Facebook: https:\/\/www.facebook.com\/business\/news\/updating-our-international-data-transfer-mechanisms.<\/li>\n<\/ul>\n\n\n\n<p><strong>Wtyczki medi\u00f3w spo\u0142eczno\u015bciowych. <\/strong>Na Stronie zamieszczone zosta\u0142y wtyczki medi\u00f3w spo\u0142eczno\u015bciowych, co powoduje, \u017ce korzystaj\u0105c ze strony, adres IP Twojego urz\u0105dzenia oraz identyfikator przegl\u0105darki, kt\u00f3rej u\u017cywasz, przekazywane s\u0105 do dostawc\u00f3w medi\u00f3w spo\u0142eczno\u015bciowych. Dzi\u0119ki tej integracji us\u0142ugodawcy otrzymuj\u0105 informacj\u0119, \u017ce Twoja przegl\u0105darka wy\u015bwietli\u0142a Nasz\u0105 stron\u0119, nawet je\u015bli nie posiadasz profilu u danego us\u0142ugodawcy czy nie jeste\u015b u niego akurat zalogowany. Naci\u015bni\u0119cie na wtyczki medi\u00f3w spo\u0142eczno\u015bciowych nawi\u0105zuje bezpo\u015brednie po\u0142\u0105czenie z serwerami dostawc\u00f3w tych medi\u00f3w, kt\u00f3rzy mog\u0105 zbiera\u0107 dane z Twojego urz\u0105dzenia. Zwr\u00f3\u0107 uwag\u0119, \u017ce nie mamy wp\u0142ywu na to, jakie dane s\u0105 zbierane przez media spo\u0142eczno\u015bciowe po klikni\u0119ciu w ich przycisk. Wi\u0119cej informacji odno\u015bnie do celu oraz zakresu zbieranych przez te podmioty danych oraz sposobu, w jaki s\u0105 przetwarzane, u\u017cywane, chronione Twoje dane osobowe, w tym przys\u0142uguj\u0105cych Ci w zwi\u0105zku z tym praw i mo\u017cliwych do wyboru opcji w celu ochrony prywatno\u015bci znajdziesz na stronie:<\/p>\n\n\n\n<ol style=\"list-style-type:lower-alpha\" class=\"wp-block-list\">\n<li>Facebook:\u202fhttps:\/\/pl-pl.facebook.com\/privacy\/explanation. Facebook i My jeste\u015bmy wsp\u00f3lnie wsp\u00f3\u0142administratorami w zakresie przetwarzania danych na potrzeby statystyk. Informacje na ten temat znajdziesz na stronie: <a href=\"https:\/\/www.facebook.com\/legal\/terms\/page_controller_addendum\">https:\/\/www.facebook.com\/legal\/terms\/page_controller_addendum<\/a>.<\/li>\n<\/ol>\n\n\n\n<p>Czy przekazujemy dane osobowe do pa\u0144stw trzecich?<\/p>\n\n\n\n<p>Co do zasady nie przekazujemy danych osobowych do pa\u0144stw spoza Unii Europejskiej i Europejskiego Obszaru Gospodarczego (EOG). Je\u017celi jednak, w zwi\u0105zku z realizacj\u0105 us\u0142ug, zajdzie taka konieczno\u015b\u0107, ocenimy okoliczno\u015bci i zadbamy o zapewnienie odpowiedniego poziomu bezpiecze\u0144stwa danych, tak, aby przetwarzanie odbywa\u0142o si\u0119 w zgodzie z obowi\u0105zuj\u0105cymi regulacjami prawnymi, np. poprzez mechanizmy zgodno\u015bci przewidziane przez&nbsp;RODO (np.&nbsp;certyfikaty) lub standardowe klauzule umowne przyj\u0119te przez Komisje Europejsk\u0105 (art. 46 ust. 2 lit. c RODO). Wi\u0119cej informacji na temat zasad przetwarzania danych przez ww. podmioty znajdziesz na stronach www&nbsp;dostawc\u00f3w tych us\u0142ug.<\/p>\n\n\n\n<h2 class=\"wp-block-heading has-large-font-size\">Czy profilujemy Twoje dane osobowe?<\/h2>\n\n\n\n<p>W ramach prowadzenia strony i zastosowanych technologii mo\u017cemy dokonywa\u0107 profilowania. Polega ono na wykorzystywaniu danych u\u017cytkownika (tj. p\u0142e\u0107, wiek, zainteresowania, przybli\u017cona lokalizacja, zachowania w Serwisie) do oceny jego aktywno\u015bci oraz potencjalnego zainteresowania naszymi us\u0142ugami.<\/p>\n\n\n\n<p>Profilowanie umo\u017cliwia personalizowanie oferty i reklam kierowanych do u\u017cytkownik\u00f3w, nie ma jednak wp\u0142ywu na zasady i warunki zawieranych um\u00f3w o \u015bwiadczenie us\u0142ug. Przetwarzane informacje maja charakter anonimowy i nie s\u0105 kojarzone z u\u017cytkownikiem zamawiaj\u0105cym us\u0142ugi. Nie podejmujemy zatem \u017cadnych zautomatyzowanych decyzji, kt\u00f3re mog\u0142yby wywo\u0142a\u0107 wobec os\u00f3b fizycznych skutki prawne lub mog\u0142yby wp\u0142yn\u0105\u0107 na nie w podobnie istotny spos\u00f3b.<\/p>\n\n\n\n<h2 class=\"wp-block-heading has-large-font-size\">Czy wykorzystujemy tzw. ciasteczka?<\/h2>\n\n\n\n<p>Na stronie internetowej wykorzystujemy tzw. <em>cookies (\u201eciasteczka\u201d)<\/em>, czyli kr\u00f3tkie informacje tekstowe, zapisywane na komputerze, telefonie, tablecie lub innym urz\u0105dzeniu u\u017cytkownika, kt\u00f3re mog\u0105 by\u0107 odczytywane przez nasz system, a tak\u017ce przez systemy nale\u017c\u0105ce do innych podmiot\u00f3w, z kt\u00f3rych us\u0142ug korzystamy: Facebooka, Google\u2019a, zgodnie z informacjami zawartymi wy\u017cej.<\/p>\n\n\n\n<p>Dzi\u0119ki<em> cookies<\/em> zbieramy anonimowe dane o wizytach u\u017cytkownik\u00f3w w Serwisie, kt\u00f3re mo\u017cemy wykorzystywa\u0107 do usprawniania funkcjonalno\u015bci Serwisu, identyfikacji b\u0142\u0119d\u00f3w lub dzia\u0142a\u0144 marketingowych.<\/p>\n\n\n\n<p>Zazwyczaj przegl\u0105darki internetowe domy\u015blnie dopuszczaj\u0105 wykorzystywanie <em>cookies<\/em> w urz\u0105dzeniu ko\u0144cowym. U\u017cytkownicy mog\u0105 jednak blokowa\u0107 i ogranicza\u0107 instalowanie plik\u00f3w <em>cookies<\/em> wed\u0142ug w\u0142asnego uznania za pomoc\u0105 ustawie\u0144 swojej przegl\u0105darki lub przy pomocy innych rozwi\u0105za\u0144 (darmowych). Podczas Twojej pierwszej wizyty na stronie wy\u015bwietlimy Ci informacj\u0119 na&nbsp;temat stosowania plik\u00f3w <em>cookies<\/em>. Je\u015bli nie zmienisz ustawie\u0144 swojej przegl\u0105darki, wyrazisz zgod\u0119 na&nbsp;ich u\u017cycie. Wi\u0119cej informacji na temat tego, w jaki spos\u00f3b zmieni\u0107 ustawienia dotycz\u0105ce plik\u00f3w <em>cookies<\/em> znajdziesz na stronie www Twojej przegl\u0105darki internetowej.<\/p>\n\n\n\n<p>Informujemy, \u017ce wy\u0142\u0105czenie lub ograniczenie obs\u0142ugi plik\u00f3w <em>cookies<\/em> mo\u017ce spowodowa\u0107 trudno\u015bci<br>w korzystaniu ze strony internetowej, np. mo\u017ce spowodowa\u0107 d\u0142u\u017cszy okres \u0142adowania si\u0119 strony czy ograniczenia w korzystaniu z funkcjonalno\u015bci.<\/p>\n\n\n\n<p>Jak chronimy Twoje dane?<\/p>\n\n\n\n<p>W celu zapewnienia wysokiego i sp\u00f3jnego stopnia ochrony, stosujemy adekwatne do przetwarzania zabezpieczenia \u015brodowiska informatycznego, jak r\u00f3wnie\u017c \u015brodki techniczno-organizacyjne, w\u015br\u00f3d kt\u00f3rych znajduj\u0105 si\u0119 miedzy innymi:<\/p>\n\n\n\n<ol class=\"wp-block-list\">\n<li>tworzenie kopii bezpiecze\u0144stwa,<\/li>\n\n\n\n<li>wyposa\u017cenie centr\u00f3w danych w mechanizmy ochrony danych,<\/li>\n\n\n\n<li>przeprowadzanie regularnych test\u00f3w poziomu bezpiecze\u0144stwa,<\/li>\n\n\n\n<li>monitoring bezpiecze\u0144stwa danych osobowych,<\/li>\n\n\n\n<li>minimalizowanie ryzyka potencjalnych nadu\u017cy\u0107 oraz szybkie reagowanie w przypadku ich zaistnienia,<\/li>\n\n\n\n<li>wdra\u017canie polityki ochrony danych,<\/li>\n\n\n\n<li>zapewnienie ci\u0105g\u0142ej poufno\u015bci, integralno\u015bci, dost\u0119pno\u015bci i odporno\u015bci system\u00f3w przetwarzania<br>i us\u0142ug,<\/li>\n\n\n\n<li>umo\u017cliwienie dost\u0119pu do danych osobowych wy\u0142\u0105cznie osobom upowa\u017cnionym,<\/li>\n\n\n\n<li>tworzenie i regularna zmiana hase\u0142 dost\u0119pu do system\u00f3w, w kt\u00f3rych przetwarzane s\u0105 dane osobowe.<\/li>\n<\/ol>\n\n\n\n<p>Jakie prawa przys\u0142uguj\u0105 osobom, kt\u00f3rych dane przetwarzamy?<\/p>\n\n\n\n<p>Osoby, kt\u00f3rych dane przetwarzamy maj\u0105 prawo do:<\/p>\n\n\n\n<ol class=\"wp-block-list\">\n<li>dost\u0119pu do swoich danych osobowych oraz do otrzymania kopii danych (art. 15 RODO);<\/li>\n\n\n\n<li>sprostowania danych osobowych (art. 16 RODO);<\/li>\n\n\n\n<li>usuni\u0119cia danych osobowych (art. 17 RODO);<\/li>\n\n\n\n<li>ograniczenia przetwarzania danych osobowych (art. 18 RODO);<\/li>\n\n\n\n<li>wniesienia sprzeciwu wobec przetwarzania danych osobowych (art. 21 RODO);<\/li>\n\n\n\n<li>przenoszenia danych osobowych (art. 20 RODO);<\/li>\n\n\n\n<li>cofni\u0119cia zgody na przetwarzanie danych (o ile podstaw\u0105 przetwarzania jest zgoda) (art. 7 RODO).<\/li>\n<\/ol>\n\n\n\n<p>Wymienione powy\u017cej uprawnienia nie maj\u0105 jednak charakteru absolutnego i w niekt\u00f3rych sytuacjach,<br>po dokonaniu analizy, mo\u017cemy zgodnie z prawem odm\u00f3wi\u0107 ich spe\u0142nienia.<\/p>\n\n\n\n<p>Informujemy r\u00f3wnie\u017c, \u017ce cofni\u0119cie zgody na przetwarzanie danych nie b\u0119dzie mia\u0142o wp\u0142ywu na legalno\u015b\u0107 przetwarzania danych, kt\u00f3re mia\u0142o miejsce na podstawie udzielonej zgody przed jej cofni\u0119ciem.<\/p>\n\n\n\n<p>Je\u015bli uznasz, \u017ce Twoje dane osobowe s\u0105 przetwarzane przez nas niezgodnie z obowi\u0105zuj\u0105cym prawem, mo\u017cesz wnie\u015b\u0107 skarg\u0119 do Prezesa Urz\u0119du Ochrony Danych Osobowych (art. 77 RODO).<\/p>\n\n\n\n<p>W celu realizacji kt\u00f3regokolwiek z ww. uprawnie\u0144 prosimy o kontakt w jeden ze sposob\u00f3w wskazanych na wst\u0119pie niniejszego dokumentu.<\/p>\n\n\n\n<p>Podanie danych jest dobrowolne bez wzgl\u0119du na cel, w jakim s\u0105 przetwarzane. Niespe\u0142nienie tego warunku mo\u017ce jednak uniemo\u017cliwi\u0107, w zale\u017cno\u015bci od konkretnego przypadku, zawarcie umowy, korzystanie z wybranych us\u0142ug w ramach \u015bwiadczonych us\u0142ug lub otrzymywanie tre\u015bci marketingowych.<\/p>\n\n\n\n<p><\/p>\n\n\n\n<h2 class=\"wp-block-heading has-large-font-size\">Czy mo\u017cemy zmienia\u0107 nasz\u0105 Polityk\u0119 Prywatno\u015bci?<\/h2>\n\n\n\n<p>Tak. Ochrona danych osobowych jest procesem, kt\u00f3ry dostosowujemy do bie\u017c\u0105cych potrzeb i zmieniaj\u0105cej si\u0119 technologii. Dlatego te\u017c, nasza Polityka Prywatno\u015bci mo\u017ce by\u0107 uzupe\u0142niana lub zmieniania, o czym poinformujemy Ci\u0119 poprzez zamieszczenie informacji na stronie, a w przypadku istotnych zmian zarejestrowanym us\u0142ugobiorcom wy\u015blemy odr\u0119bne powiadomienia drog\u0105 elektroniczn\u0105.<\/p>\n\n\n\n<hr class=\"wp-block-separator has-alpha-channel-opacity\"\/>\n\n\n\n<p><a id=\"_msocom_1\"><\/a><\/p>\n\n\n\n<p>\u00a0<\/p>\n","protected":false},"excerpt":{"rendered":"<p>Kim jeste\u015bmy Adres naszej strony internetowej to: https:\/\/nicol-development.pl. obowi\u0105zuje od dnia \u00a001.10.2024\u00a0 r. Drogi U\u017cytkowniku i Us\u0142ugobiorco, Dok\u0142adamy wszelkich stara\u0144, aby zapewni\u0107 bezpiecze\u0144stwo i poufno\u015b\u0107 Twoich danych osobowych. Dbamyo Twoj\u0105 prywatno\u015b\u0107 zar\u00f3wno wtedy, gdy odwiedzasz nasz serwis internetowy lub korzystasz z naszych us\u0142ug. Dzia\u0142amy zgodnie z Rozporz\u0105dzeniem Parlamentu Europejskiego i Rady (UE) 2016\/679 z 27 [&hellip;]<\/p>\n","protected":false},"author":1,"featured_media":0,"parent":0,"menu_order":0,"comment_status":"closed","ping_status":"open","template":"","meta":{"footnotes":""},"class_list":["post-3","page","type-page","status-publish","hentry"],"_links":{"self":[{"href":"https:\/\/nicol-development.pl\/index.php?rest_route=\/wp\/v2\/pages\/3","targetHints":{"allow":["GET"]}}],"collection":[{"href":"https:\/\/nicol-development.pl\/index.php?rest_route=\/wp\/v2\/pages"}],"about":[{"href":"https:\/\/nicol-development.pl\/index.php?rest_route=\/wp\/v2\/types\/page"}],"author":[{"embeddable":true,"href":"https:\/\/nicol-development.pl\/index.php?rest_route=\/wp\/v2\/users\/1"}],"replies":[{"embeddable":true,"href":"https:\/\/nicol-development.pl\/index.php?rest_route=%2Fwp%2Fv2%2Fcomments&post=3"}],"version-history":[{"count":1,"href":"https:\/\/nicol-development.pl\/index.php?rest_route=\/wp\/v2\/pages\/3\/revisions"}],"predecessor-version":[{"id":212,"href":"https:\/\/nicol-development.pl\/index.php?rest_route=\/wp\/v2\/pages\/3\/revisions\/212"}],"wp:attachment":[{"href":"https:\/\/nicol-development.pl\/index.php?rest_route=%2Fwp%2Fv2%2Fmedia&parent=3"}],"curies":[{"name":"wp","href":"https:\/\/api.w.org\/{rel}","templated":true}]}}