{"id":51,"date":"2024-09-29T14:12:40","date_gmt":"2024-09-29T12:12:40","guid":{"rendered":"http:\/\/nicol-development.pl\/?page_id=51"},"modified":"2026-04-02T16:20:32","modified_gmt":"2026-04-02T14:20:32","slug":"aktualnosci","status":"publish","type":"page","link":"https:\/\/nicol-development.pl\/?page_id=51","title":{"rendered":"Aktualno\u015bci"},"content":{"rendered":"\n<p class=\"has-text-align-center\" style=\"margin-top:var(--wp--preset--spacing--10);margin-bottom:var(--wp--preset--spacing--10);font-size:clamp(1.146rem, 1.146rem + ((1vw - 0.2rem) * 1.09), 1.8rem);font-style:normal;font-weight:600\"><\/p>\n\n\n\n<p class=\"has-text-align-center\" style=\"margin-top:var(--wp--preset--spacing--10);margin-bottom:var(--wp--preset--spacing--10);font-size:clamp(1.146rem, 1.146rem + ((1vw - 0.2rem) * 1.09), 1.8rem);font-style:normal;font-weight:600\">Mieszkania przy ul. Kochanowskiego<\/p>\n\n\n\n<p class=\"has-text-align-center has-large-font-size\"><strong>Ju\u017c wkr\u00f3tce nowa inwestycja Z\u0105bki ul. Kochanowskiego.<\/strong><\/p>\n\n\n\n<p>Zapraszamy do zapoznania si\u0119 z naszym najnowszym projektem osiedla bezczynszowego z parkingami naziemnymi oraz z w\u0142asnymi ogr\u00f3dkami lokatorskimi w Z\u0105bkach tu\u017c przy granicy z Warszaw\u0105.<br>Inwestycja powstaje u zbiegu ulic Kochanowskiego i Popie\u0142uszki w p\u00f3\u0142nocnej cz\u0119\u015bci Z\u0105bek, gdzie zgodnie z miejscowym planem zagospodarowania przestrzennego, dominuje niska zabudowa jednorodzinna (symbol MN). Enklawa ciszy i spokoju w \u015br\u00f3d miejskiego zgie\u0142ku.<\/p>\n\n\n\n<p class=\"has-text-align-center\"><strong><strong>Szczeg\u00f3\u0142y dotycz\u0105ce inwestycji dost\u0119pne s\u0105 pod numerem telefonu:<\/strong><\/strong><\/p>\n\n\n\n<p class=\"has-text-align-center\" style=\"font-size:clamp(0.929rem, 0.929rem + ((1vw - 0.2rem) * 0.785), 1.4rem);\"><strong>604 527 277 lub 509 201 229<\/strong><\/p>\n\n\n\n<div class=\"wp-block-columns is-layout-flex wp-container-core-columns-is-layout-28f84493 wp-block-columns-is-layout-flex\">\n<div class=\"wp-block-column is-layout-flow wp-block-column-is-layout-flow\" style=\"flex-basis:100%\">\n<div class=\"wp-block-cover\"><span aria-hidden=\"true\" class=\"wp-block-cover__background has-background-dim\"><\/span><div class=\"wp-block-cover__inner-container is-layout-flow wp-block-cover-is-layout-flow\">\n<div class=\"wp-block-group is-layout-grid wp-container-core-group-is-layout-478b6e6b wp-block-group-is-layout-grid\">\n<figure class=\"wp-block-image size-full wp-container-content-e29552f7\"><img loading=\"lazy\" decoding=\"async\" width=\"2560\" height=\"1920\" src=\"https:\/\/nicol-development.pl\/wp-content\/uploads\/2026\/03\/2-scaled.jpg\" alt=\"\" class=\"wp-image-262\" srcset=\"https:\/\/nicol-development.pl\/wp-content\/uploads\/2026\/03\/2-scaled.jpg 2560w, https:\/\/nicol-development.pl\/wp-content\/uploads\/2026\/03\/2-300x225.jpg 300w, https:\/\/nicol-development.pl\/wp-content\/uploads\/2026\/03\/2-1024x768.jpg 1024w, https:\/\/nicol-development.pl\/wp-content\/uploads\/2026\/03\/2-768x576.jpg 768w, https:\/\/nicol-development.pl\/wp-content\/uploads\/2026\/03\/2-1536x1152.jpg 1536w, https:\/\/nicol-development.pl\/wp-content\/uploads\/2026\/03\/2-2048x1536.jpg 2048w\" sizes=\"auto, (max-width: 2560px) 100vw, 2560px\" \/><\/figure>\n<\/div>\n\n\n\n<figure class=\"wp-block-gallery has-nested-images columns-default is-cropped wp-block-gallery-1 is-layout-flex wp-block-gallery-is-layout-flex\">\n<figure class=\"wp-block-image size-large\"><img loading=\"lazy\" decoding=\"async\" width=\"1024\" height=\"768\" data-id=\"267\" src=\"https:\/\/nicol-development.pl\/wp-content\/uploads\/2026\/03\/81-1024x768.jpg\" alt=\"\" class=\"wp-image-267\" srcset=\"https:\/\/nicol-development.pl\/wp-content\/uploads\/2026\/03\/81-1024x768.jpg 1024w, https:\/\/nicol-development.pl\/wp-content\/uploads\/2026\/03\/81-300x225.jpg 300w, https:\/\/nicol-development.pl\/wp-content\/uploads\/2026\/03\/81-768x576.jpg 768w, https:\/\/nicol-development.pl\/wp-content\/uploads\/2026\/03\/81-1536x1152.jpg 1536w, https:\/\/nicol-development.pl\/wp-content\/uploads\/2026\/03\/81-2048x1536.jpg 2048w\" sizes=\"auto, (max-width: 1024px) 100vw, 1024px\" \/><\/figure>\n\n\n\n<figure class=\"wp-block-image size-large\"><img loading=\"lazy\" decoding=\"async\" width=\"1024\" height=\"768\" data-id=\"264\" src=\"https:\/\/nicol-development.pl\/wp-content\/uploads\/2026\/03\/9-1024x768.jpg\" alt=\"\" class=\"wp-image-264\" srcset=\"https:\/\/nicol-development.pl\/wp-content\/uploads\/2026\/03\/9-1024x768.jpg 1024w, https:\/\/nicol-development.pl\/wp-content\/uploads\/2026\/03\/9-300x225.jpg 300w, https:\/\/nicol-development.pl\/wp-content\/uploads\/2026\/03\/9-768x576.jpg 768w, https:\/\/nicol-development.pl\/wp-content\/uploads\/2026\/03\/9-1536x1152.jpg 1536w, https:\/\/nicol-development.pl\/wp-content\/uploads\/2026\/03\/9-2048x1536.jpg 2048w\" sizes=\"auto, (max-width: 1024px) 100vw, 1024px\" \/><\/figure>\n\n\n\n<figure class=\"wp-block-image size-large\"><img loading=\"lazy\" decoding=\"async\" width=\"1024\" height=\"768\" data-id=\"263\" src=\"https:\/\/nicol-development.pl\/wp-content\/uploads\/2026\/03\/7-1024x768.jpg\" alt=\"\" class=\"wp-image-263\" srcset=\"https:\/\/nicol-development.pl\/wp-content\/uploads\/2026\/03\/7-1024x768.jpg 1024w, https:\/\/nicol-development.pl\/wp-content\/uploads\/2026\/03\/7-300x225.jpg 300w, https:\/\/nicol-development.pl\/wp-content\/uploads\/2026\/03\/7-768x576.jpg 768w, https:\/\/nicol-development.pl\/wp-content\/uploads\/2026\/03\/7-1536x1152.jpg 1536w, https:\/\/nicol-development.pl\/wp-content\/uploads\/2026\/03\/7-2048x1536.jpg 2048w\" sizes=\"auto, (max-width: 1024px) 100vw, 1024px\" \/><\/figure>\n\n\n\n<figure class=\"wp-block-image size-large\"><img loading=\"lazy\" decoding=\"async\" width=\"1024\" height=\"768\" data-id=\"266\" src=\"https:\/\/nicol-development.pl\/wp-content\/uploads\/2026\/03\/6-1024x768.jpg\" alt=\"\" class=\"wp-image-266\" srcset=\"https:\/\/nicol-development.pl\/wp-content\/uploads\/2026\/03\/6-1024x768.jpg 1024w, https:\/\/nicol-development.pl\/wp-content\/uploads\/2026\/03\/6-300x225.jpg 300w, https:\/\/nicol-development.pl\/wp-content\/uploads\/2026\/03\/6-768x576.jpg 768w, https:\/\/nicol-development.pl\/wp-content\/uploads\/2026\/03\/6-1536x1152.jpg 1536w, https:\/\/nicol-development.pl\/wp-content\/uploads\/2026\/03\/6-2048x1536.jpg 2048w\" sizes=\"auto, (max-width: 1024px) 100vw, 1024px\" \/><\/figure>\n\n\n\n<figure class=\"wp-block-image size-large\"><img loading=\"lazy\" decoding=\"async\" width=\"1024\" height=\"768\" data-id=\"265\" src=\"https:\/\/nicol-development.pl\/wp-content\/uploads\/2026\/03\/5-1024x768.jpg\" alt=\"\" class=\"wp-image-265\" srcset=\"https:\/\/nicol-development.pl\/wp-content\/uploads\/2026\/03\/5-1024x768.jpg 1024w, https:\/\/nicol-development.pl\/wp-content\/uploads\/2026\/03\/5-300x225.jpg 300w, https:\/\/nicol-development.pl\/wp-content\/uploads\/2026\/03\/5-768x576.jpg 768w, https:\/\/nicol-development.pl\/wp-content\/uploads\/2026\/03\/5-1536x1152.jpg 1536w, https:\/\/nicol-development.pl\/wp-content\/uploads\/2026\/03\/5-2048x1536.jpg 2048w\" sizes=\"auto, (max-width: 1024px) 100vw, 1024px\" \/><\/figure>\n\n\n\n<figure class=\"wp-block-image size-large\"><img loading=\"lazy\" decoding=\"async\" width=\"1024\" height=\"768\" data-id=\"272\" src=\"https:\/\/nicol-development.pl\/wp-content\/uploads\/2026\/03\/3-1024x768.jpg\" alt=\"\" class=\"wp-image-272\" srcset=\"https:\/\/nicol-development.pl\/wp-content\/uploads\/2026\/03\/3-1024x768.jpg 1024w, https:\/\/nicol-development.pl\/wp-content\/uploads\/2026\/03\/3-300x225.jpg 300w, https:\/\/nicol-development.pl\/wp-content\/uploads\/2026\/03\/3-768x576.jpg 768w, https:\/\/nicol-development.pl\/wp-content\/uploads\/2026\/03\/3-1536x1152.jpg 1536w, https:\/\/nicol-development.pl\/wp-content\/uploads\/2026\/03\/3-2048x1536.jpg 2048w\" sizes=\"auto, (max-width: 1024px) 100vw, 1024px\" \/><\/figure>\n<\/figure>\n<\/div><\/div>\n<\/div>\n<\/div>\n\n\n\n<h3 class=\"wp-block-heading has-text-align-center\"><strong>Wkr\u00f3tce zaczniemy rezerwacj\u0119 lokali!<\/strong><\/h3>\n\n\n\n<p>Kameralna zabudowa. Inwestycja sk\u0142ada si\u0119 z 4 lokali mieszkalnych zlokalizowanych w dw\u00f3ch budynkach w zabudowie bli\u017aniaczej. Do ka\u017cdego lokalu przynale\u017cne 2 miejsca parkingowe i ogr\u00f3dek lokatorski \u2013 ju\u017c w cenie lokalu.<\/p>\n\n\n\n<p><br><strong>Mamy dwa warianty mieszka\u0144:<\/strong><\/p>\n\n\n\n<ul class=\"wp-block-list\">\n<li>3 \u2013 pokojowe plus aneks na parterze o powierzchni 69,64 m2<\/li>\n\n\n\n<li>6 \u2013 pokojowe z aneksami i 2 \u0142azienki- dwupoziomowe na parterze <br>i u\u017cytkowym poddaszu o powierzchni 149,64 m2.<\/li>\n<\/ul>\n\n\n\n<p>W tych mieszkaniach mo\u017cna wydzieli\u0107 dwa osobne lokale z niezale\u017cnym wej\u015bciem. Gratka dla rodzin dwupokoleniowych lub inwestycyjnie \u2013 do wynaj\u0119cia.<br>Poddasze ju\u017c z postawionymi \u015bciankami dzia\u0142owymi \u2013 istnieje mo\u017cliwo\u015b\u0107 modyfikacji rozk\u0142adu pomieszcze\u0144.<br>Mieszkania s\u0105 bezczynszowe. Jedyne comiesi\u0119czne wydatki to media, za kt\u00f3re ka\u017cdy w\u0142a\u015bciciel p\u0142aci indywidualnie wed\u0142ug zu\u017cycia. W\u0142a\u015bciciel mieszkania sam kontroluje wydatki i decyduje o kosztach eksploatacji.<br>Budynki b\u0119d\u0105 wykonane przy wykorzystaniu nowoczesnych technologii oraz wysokiej klasy materia\u0142\u00f3w, co gwarantuje trwa\u0142o\u015b\u0107, bardzo dobr\u0105 izolacj\u0119 termiczna i akustyczn\u0105, a tak\u017ce wieloletnie bezproblemowe u\u017cytkowanie mieszka\u0144.<\/p>\n\n\n\n<p><br><strong>Atuty lokalizacji:<\/strong><\/p>\n\n\n\n<ul class=\"wp-block-list\">\n<li>Blisko\u015b\u0107 komunikacji \u2013 w bezpo\u015brednim s\u0105siedztwie przystanek autobusowy bezp\u0142atnej komunikacji lokalnej (Z 1, Z 3) daj\u0105cy mo\u017cliwo\u015b\u0107 dotarcia do g\u0142\u00f3wnych punkt\u00f3w miasta:<br>publicznych, o\u015bwiatowych, handlowo- us\u0142ugowych, stacja PKP Z\u0105bki, itp.<\/li>\n\n\n\n<li>Pobliski wjazd na tras\u0119 S8 \u2013 mo\u017cliwo\u015b\u0107 szybkiego dotarcia do centrum Warszawy jak r\u00f3wnie\u017c<br>jako trasa wylotowa w innych kierunkach Polski.<\/li>\n\n\n\n<li>Zakupy i us\u0142ugi \u2013 zaledwie 3 minuty do popularnego centrum handlowego M1 Marki oraz pobliskiego Makro<\/li>\n\n\n\n<li>Edukacja i opieka \u2013 w okolicy znajduj\u0105 si\u0119 szko\u0142y podstawowe, licea, przedszkola oraz \u017c\u0142obek, co jest bardzo istotne zw\u0142aszcza dla rodzin z dzie\u0107mi.<\/li>\n\n\n\n<li>Zielone tereny i rekreacja \u2013 w pobli\u017cu parki i tereny rekreacyjne idealne na spacery, wycieczki rowerowe oraz na inne formy aktywno\u015bci na \u015bwie\u017cym powietrzu.<\/li>\n<\/ul>\n\n\n\n<p>Serdecznie zapraszamy do bli\u017cszego zapoznania si\u0119 z nasz\u0105 ofert\u0105 zar\u00f3wno poprzez stron\u0119 internetow\u0105, jak i w formie bezpo\u015bredniego kontaktu telefonicznego.<\/p>\n\n\n\n<p class=\"has-text-align-center\">Do szko\u0142y : 900 m Do przychodni: 900 m<br>Do przedszkola : 500 m Do sklep\u00f3w : 500 m<br>Do teren\u00f3w zielonych: 500 m Do transportu miejskiego: 100 m<\/p>\n\n\n\n<p class=\"has-text-align-center\"><strong><strong>Szczeg\u00f3\u0142y dotycz\u0105ce inwestycji dost\u0119pne s\u0105 pod numerem telefonu:<\/strong><\/strong><\/p>\n\n\n\n<p class=\"has-text-align-center\"><strong>604 527 277 lub 509 201 229<\/strong><\/p>\n\n\n\n<p><\/p>\n\n\n\n<div class=\"wp-block-buttons is-content-justification-center is-nowrap is-layout-flex wp-container-core-buttons-is-layout-12a27398 wp-block-buttons-is-layout-flex\">\n<div class=\"wp-block-button\"><a class=\"wp-block-button__link wp-element-button\" href=\"https:\/\/nicol-development.pl\/?page_id=85\" rel=\"https:\/\/nicol-development.pl\/?page_id=85\">NAPISZ DO NAS<\/a><\/div>\n<\/div>\n\n\n\n<figure class=\"wp-block-image size-large\"><img loading=\"lazy\" decoding=\"async\" width=\"1024\" height=\"768\" src=\"https:\/\/nicol-development.pl\/wp-content\/uploads\/2026\/03\/2-1024x768.jpg\" alt=\"Wizualizacja budynku inwestycji mieszkania przy Kochanowskiego\" class=\"wp-image-262\" srcset=\"https:\/\/nicol-development.pl\/wp-content\/uploads\/2026\/03\/2-1024x768.jpg 1024w, https:\/\/nicol-development.pl\/wp-content\/uploads\/2026\/03\/2-300x225.jpg 300w, https:\/\/nicol-development.pl\/wp-content\/uploads\/2026\/03\/2-768x576.jpg 768w, https:\/\/nicol-development.pl\/wp-content\/uploads\/2026\/03\/2-1536x1152.jpg 1536w, https:\/\/nicol-development.pl\/wp-content\/uploads\/2026\/03\/2-2048x1536.jpg 2048w\" sizes=\"auto, (max-width: 1024px) 100vw, 1024px\" \/><\/figure>\n\n\n\n<p><\/p>\n\n\n\n<figure class=\"wp-block-image size-large\"><img loading=\"lazy\" decoding=\"async\" width=\"1024\" height=\"768\" src=\"https:\/\/nicol-development.pl\/wp-content\/uploads\/2026\/03\/7-1024x768.jpg\" alt=\"Wizualizacja budynku inwestycji mieszkania przy Kochanowskiego\" class=\"wp-image-263\" srcset=\"https:\/\/nicol-development.pl\/wp-content\/uploads\/2026\/03\/7-1024x768.jpg 1024w, https:\/\/nicol-development.pl\/wp-content\/uploads\/2026\/03\/7-300x225.jpg 300w, https:\/\/nicol-development.pl\/wp-content\/uploads\/2026\/03\/7-768x576.jpg 768w, https:\/\/nicol-development.pl\/wp-content\/uploads\/2026\/03\/7-1536x1152.jpg 1536w, https:\/\/nicol-development.pl\/wp-content\/uploads\/2026\/03\/7-2048x1536.jpg 2048w\" sizes=\"auto, (max-width: 1024px) 100vw, 1024px\" \/><\/figure>\n\n\n\n<p><\/p>\n\n\n\n<figure class=\"wp-block-image size-large\"><img loading=\"lazy\" decoding=\"async\" width=\"1024\" height=\"768\" src=\"https:\/\/nicol-development.pl\/wp-content\/uploads\/2026\/03\/9-1024x768.jpg\" alt=\"Wizualizacja budynku inwestycji mieszkania przy Kochanowskiego\" class=\"wp-image-264\" srcset=\"https:\/\/nicol-development.pl\/wp-content\/uploads\/2026\/03\/9-1024x768.jpg 1024w, https:\/\/nicol-development.pl\/wp-content\/uploads\/2026\/03\/9-300x225.jpg 300w, https:\/\/nicol-development.pl\/wp-content\/uploads\/2026\/03\/9-768x576.jpg 768w, https:\/\/nicol-development.pl\/wp-content\/uploads\/2026\/03\/9-1536x1152.jpg 1536w, https:\/\/nicol-development.pl\/wp-content\/uploads\/2026\/03\/9-2048x1536.jpg 2048w\" sizes=\"auto, (max-width: 1024px) 100vw, 1024px\" \/><\/figure>\n\n\n\n<p><\/p>\n\n\n\n<figure class=\"wp-block-image size-large\"><img loading=\"lazy\" decoding=\"async\" width=\"1024\" height=\"768\" src=\"https:\/\/nicol-development.pl\/wp-content\/uploads\/2026\/03\/5-1024x768.jpg\" alt=\"\" class=\"wp-image-265\" srcset=\"https:\/\/nicol-development.pl\/wp-content\/uploads\/2026\/03\/5-1024x768.jpg 1024w, https:\/\/nicol-development.pl\/wp-content\/uploads\/2026\/03\/5-300x225.jpg 300w, https:\/\/nicol-development.pl\/wp-content\/uploads\/2026\/03\/5-768x576.jpg 768w, https:\/\/nicol-development.pl\/wp-content\/uploads\/2026\/03\/5-1536x1152.jpg 1536w, https:\/\/nicol-development.pl\/wp-content\/uploads\/2026\/03\/5-2048x1536.jpg 2048w\" sizes=\"auto, (max-width: 1024px) 100vw, 1024px\" \/><\/figure>\n\n\n\n<p><\/p>\n\n\n\n<figure class=\"wp-block-image size-large\"><img loading=\"lazy\" decoding=\"async\" width=\"1024\" height=\"768\" src=\"https:\/\/nicol-development.pl\/wp-content\/uploads\/2026\/03\/6-1024x768.jpg\" alt=\"Wizualizacja budynku inwestycji mieszkania przy Kochanowskiego\" class=\"wp-image-266\" srcset=\"https:\/\/nicol-development.pl\/wp-content\/uploads\/2026\/03\/6-1024x768.jpg 1024w, https:\/\/nicol-development.pl\/wp-content\/uploads\/2026\/03\/6-300x225.jpg 300w, https:\/\/nicol-development.pl\/wp-content\/uploads\/2026\/03\/6-768x576.jpg 768w, https:\/\/nicol-development.pl\/wp-content\/uploads\/2026\/03\/6-1536x1152.jpg 1536w, https:\/\/nicol-development.pl\/wp-content\/uploads\/2026\/03\/6-2048x1536.jpg 2048w\" sizes=\"auto, (max-width: 1024px) 100vw, 1024px\" \/><\/figure>\n\n\n\n<p><\/p>\n\n\n\n<figure class=\"wp-block-image size-large\"><img loading=\"lazy\" decoding=\"async\" width=\"1024\" height=\"768\" src=\"https:\/\/nicol-development.pl\/wp-content\/uploads\/2026\/03\/81-1024x768.jpg\" alt=\"Wizualizacja budynku inwestycji mieszkania przy Kochanowskiego\" class=\"wp-image-267\" srcset=\"https:\/\/nicol-development.pl\/wp-content\/uploads\/2026\/03\/81-1024x768.jpg 1024w, https:\/\/nicol-development.pl\/wp-content\/uploads\/2026\/03\/81-300x225.jpg 300w, https:\/\/nicol-development.pl\/wp-content\/uploads\/2026\/03\/81-768x576.jpg 768w, https:\/\/nicol-development.pl\/wp-content\/uploads\/2026\/03\/81-1536x1152.jpg 1536w, https:\/\/nicol-development.pl\/wp-content\/uploads\/2026\/03\/81-2048x1536.jpg 2048w\" sizes=\"auto, (max-width: 1024px) 100vw, 1024px\" \/><\/figure>\n\n\n<p><center><\/p>\n\n\n<div data-wp-interactive=\"core\/file\" class=\"wp-block-file\"><object data-wp-bind--hidden=\"!state.hasPdfPreview\" hidden class=\"wp-block-file__embed\" data=\"https:\/\/nicol-development.pl\/wp-content\/uploads\/2026\/03\/Kochanowskiego-A1.pdf\" type=\"application\/pdf\" style=\"width:100%;height:600px\" aria-label=\"Osadzone z Kochanowskiego-A1.\"><\/object><a id=\"wp-block-file--media-c8e6dae9-2bf9-44c4-a431-7572b6c9fea4\" href=\"https:\/\/nicol-development.pl\/wp-content\/uploads\/2026\/03\/Kochanowskiego-A1.pdf\">Kochanowskiego-A1<\/a><a href=\"https:\/\/nicol-development.pl\/wp-content\/uploads\/2026\/03\/Kochanowskiego-A1.pdf\" class=\"wp-block-file__button wp-element-button\" download aria-describedby=\"wp-block-file--media-c8e6dae9-2bf9-44c4-a431-7572b6c9fea4\">Pobierz<\/a><\/div>\n\n\n\n<div data-wp-interactive=\"core\/file\" class=\"wp-block-file\"><object data-wp-bind--hidden=\"!state.hasPdfPreview\" hidden class=\"wp-block-file__embed\" data=\"https:\/\/nicol-development.pl\/wp-content\/uploads\/2026\/03\/Kochanowskiego-A2.pdf\" type=\"application\/pdf\" style=\"width:100%;height:600px\" aria-label=\"Osadzone z Kochanowskiego-A2.\"><\/object><a id=\"wp-block-file--media-9217c885-e33f-4b3b-b10a-8f5505fadf97\" href=\"https:\/\/nicol-development.pl\/wp-content\/uploads\/2026\/03\/Kochanowskiego-A2.pdf\">Kochanowskiego-A2<\/a><a href=\"https:\/\/nicol-development.pl\/wp-content\/uploads\/2026\/03\/Kochanowskiego-A2.pdf\" class=\"wp-block-file__button wp-element-button\" download aria-describedby=\"wp-block-file--media-9217c885-e33f-4b3b-b10a-8f5505fadf97\">Pobierz<\/a><\/div>\n\n\n\n<div data-wp-interactive=\"core\/file\" class=\"wp-block-file\"><object data-wp-bind--hidden=\"!state.hasPdfPreview\" hidden class=\"wp-block-file__embed\" data=\"https:\/\/nicol-development.pl\/wp-content\/uploads\/2026\/03\/Kochanowskiego-B1.pdf\" type=\"application\/pdf\" style=\"width:100%;height:600px\" aria-label=\"Osadzone z Kochanowskiego-B1.\"><\/object><a id=\"wp-block-file--media-689c3f22-c581-417d-9378-bbaf72a211f0\" href=\"https:\/\/nicol-development.pl\/wp-content\/uploads\/2026\/03\/Kochanowskiego-B1.pdf\">Kochanowskiego-B1<\/a><a href=\"https:\/\/nicol-development.pl\/wp-content\/uploads\/2026\/03\/Kochanowskiego-B1.pdf\" class=\"wp-block-file__button wp-element-button\" download aria-describedby=\"wp-block-file--media-689c3f22-c581-417d-9378-bbaf72a211f0\">Pobierz<\/a><\/div>\n\n\n\n<div data-wp-interactive=\"core\/file\" class=\"wp-block-file\"><object data-wp-bind--hidden=\"!state.hasPdfPreview\" hidden class=\"wp-block-file__embed\" data=\"https:\/\/nicol-development.pl\/wp-content\/uploads\/2026\/03\/Kochanowskiego-B2.pdf\" type=\"application\/pdf\" style=\"width:100%;height:600px\" aria-label=\"Osadzone z Kochanowskiego-B2.\"><\/object><a id=\"wp-block-file--media-4ee13236-b6d3-4348-823f-1f38dcbac0e4\" href=\"https:\/\/nicol-development.pl\/wp-content\/uploads\/2026\/03\/Kochanowskiego-B2.pdf\">Kochanowskiego-B2<\/a><a href=\"https:\/\/nicol-development.pl\/wp-content\/uploads\/2026\/03\/Kochanowskiego-B2.pdf\" class=\"wp-block-file__button wp-element-button\" download aria-describedby=\"wp-block-file--media-4ee13236-b6d3-4348-823f-1f38dcbac0e4\">Pobierz<\/a><\/div>\n\n\n\n<div data-wp-interactive=\"core\/file\" class=\"wp-block-file\"><object data-wp-bind--hidden=\"!state.hasPdfPreview\" hidden class=\"wp-block-file__embed\" data=\"https:\/\/nicol-development.pl\/wp-content\/uploads\/2026\/04\/Kochanowskiego-ogrodki-do-wylacznego-korzystania-2026.pdf\" type=\"application\/pdf\" style=\"width:100%;height:600px\" aria-label=\"Osadzone z Kochanowskiego ogr\u00f3dki do wy\u0142\u0105cznego korzystania 2026.\"><\/object><a id=\"wp-block-file--media-ffc129eb-2c14-4091-a323-25093a4a6929\" href=\"https:\/\/nicol-development.pl\/wp-content\/uploads\/2026\/04\/Kochanowskiego-ogrodki-do-wylacznego-korzystania-2026.pdf\">Kochanowskiego ogr\u00f3dki do wy\u0142\u0105cznego korzystania 2026<\/a><a href=\"https:\/\/nicol-development.pl\/wp-content\/uploads\/2026\/04\/Kochanowskiego-ogrodki-do-wylacznego-korzystania-2026.pdf\" class=\"wp-block-file__button wp-element-button\" download aria-describedby=\"wp-block-file--media-ffc129eb-2c14-4091-a323-25093a4a6929\">Pobierz<\/a><\/div>\n\n\n<p><\/center><\/p>\n\n\n<div class=\"wp-block-buttons is-content-justification-center is-nowrap is-layout-flex wp-container-core-buttons-is-layout-12a27398 wp-block-buttons-is-layout-flex\">\n<div class=\"wp-block-button\"><a class=\"wp-block-button__link wp-element-button\" href=\"https:\/\/nicol-development.pl\/?page_id=85\" rel=\"https:\/\/nicol-development.pl\/?page_id=85\">NAPISZ DO NAS<\/a><\/div>\n<\/div>\n\n\n\n<p><\/p>\n","protected":false},"excerpt":{"rendered":"<p>Mieszkania przy ul. Kochanowskiego Ju\u017c wkr\u00f3tce nowa inwestycja Z\u0105bki ul. Kochanowskiego. Zapraszamy do zapoznania si\u0119 z naszym najnowszym projektem osiedla bezczynszowego z parkingami naziemnymi oraz z w\u0142asnymi ogr\u00f3dkami lokatorskimi w Z\u0105bkach tu\u017c przy granicy z Warszaw\u0105.Inwestycja powstaje u zbiegu ulic Kochanowskiego i Popie\u0142uszki w p\u00f3\u0142nocnej cz\u0119\u015bci Z\u0105bek, gdzie zgodnie z miejscowym planem zagospodarowania przestrzennego, dominuje [&hellip;]<\/p>\n","protected":false},"author":1,"featured_media":0,"parent":0,"menu_order":0,"comment_status":"closed","ping_status":"closed","template":"","meta":{"footnotes":""},"class_list":["post-51","page","type-page","status-publish","hentry"],"_links":{"self":[{"href":"https:\/\/nicol-development.pl\/index.php?rest_route=\/wp\/v2\/pages\/51","targetHints":{"allow":["GET"]}}],"collection":[{"href":"https:\/\/nicol-development.pl\/index.php?rest_route=\/wp\/v2\/pages"}],"about":[{"href":"https:\/\/nicol-development.pl\/index.php?rest_route=\/wp\/v2\/types\/page"}],"author":[{"embeddable":true,"href":"https:\/\/nicol-development.pl\/index.php?rest_route=\/wp\/v2\/users\/1"}],"replies":[{"embeddable":true,"href":"https:\/\/nicol-development.pl\/index.php?rest_route=%2Fwp%2Fv2%2Fcomments&post=51"}],"version-history":[{"count":41,"href":"https:\/\/nicol-development.pl\/index.php?rest_route=\/wp\/v2\/pages\/51\/revisions"}],"predecessor-version":[{"id":284,"href":"https:\/\/nicol-development.pl\/index.php?rest_route=\/wp\/v2\/pages\/51\/revisions\/284"}],"wp:attachment":[{"href":"https:\/\/nicol-development.pl\/index.php?rest_route=%2Fwp%2Fv2%2Fmedia&parent=51"}],"curies":[{"name":"wp","href":"https:\/\/api.w.org\/{rel}","templated":true}]}}